t o(j) = -36*j**2 + 1250*j + 289. What is o(35)?
-61
Let u(z) = -z**2 + 63*z + 1522. Calculate u(83).
-138
Let b(t) = -22968*t - 1998375. Calculate b(-87).
-159
Let k(w) = 202*w + 2495. Calculate k(-17).
-939
Let q(d) = -13993*d + 44681. Calculate q(3).
2702
Let s(g) = 2*g**3 + 101*g**2 + 130*g - 394. Calculate s(-49).
439
Let m(v) = -62816*v - 439488. What is m(-7)?
224
Let g(z) = z**3 - 33*z**2 + 331*z - 734. Determine g(20).
686
Let o(q) = 12*q**2 + 2593*q + 1899. Calculate o(-215).
-896
Let m(c) = 5*c**2 - 886*c + 33442. Determine m(40).
6002
Let h(d) = 647*d - 7705. Determine h(13).
706
Let o(b) = 19*b**3 + 7483*b - 7482. Calculate o(1).
20
Let b(q) = -848*q**2 - 1543*q + 301. Determine b(-2).
-5
Let a(y) = -y**3 + 344*y**2 - 2031*y + 985. Calculate a(338).
-29
Let h(d) = 1383*d - 4296. What is h(4)?
1236
Let c(b) = -4*b**3 + 32*b**2 - 3*b + 30. What is c(8)?
6
Let u(v) = 3*v**2 + 146*v + 4. What is u(-45)?
-491
Let d(v) = 20*v**2 + 3586*v + 1195. Give d(-179).
121
Let t(v) = 4*v**2 + 989*v + 6114. Calculate t(-241).
89
Let f(t) = -188*t + 7855. Determine f(43).
-229
Let v(w) = 291*w + 6779. What is v(-22)?
377
Let h(r) = r**3 - 2*r**2 - 581*r - 146. Calculate h(-23).
-8
Let o(j) = -556*j + 11009. Give o(20).
-111
Let j(d) = d**2 - 1143*d + 7992. Calculate j(7).
40
Let w(i) = -169954*i + 8667657. Give w(51).
3
Let c(l) = 12377*l**2 + 123833*l + 629. Give c(-10).
-1
Let n(a) = a**3 + 64*a**2 - 1210*a - 1083. What is n(16)?
37
Let t(v) = 3*v**2 + 292*v + 4842. Calculate t(-17).
745
Let i(s) = s**3 - 39*s**2 + 199*s + 2. Give i(35).
2067
Let m(a) = 2*a**3 + 325*a**2 - 2177*a + 3389. What is m(-169)?
9
Let p(c) = c**2 - 172478*c - 172479. Give p(-1).
0
Let p(k) = -2*k**2 - 100*k - 3343. Determine p(-27).
-2101
Let n(q) = 3524*q - 17069. Determine n(5).
551
Let x(a) = 49*a**2 - 1625*a - 49. What is x(33)?
-313
Let d(h) = -3*h**2 + 137*h + 12147. Give d(-44).
311
Let q(n) = 434*n**2 - 7295*n - 1417. Give q(17).
-6
Let f(d) = 156*d**2 + 2956*d - 322. Determine f(-19).
-170
Let g(w) = 8628*w + 353786. Give g(-41).
38
Let z(x) = 268*x + 61728. Determine z(-249).
-5004
Let x(o) = -2*o**3 - 92*o**2 - 79*o + 368. Give x(-45).
-127
Let l(r) = -r**3 - 56*r**2 - 377*r + 2183. Calculate l(-47).
21
Let w(l) = 27*l**2 - 918*l + 775. Give w(33).
-116
Let x(d) = d**2 - 2959*d + 95037. What is x(32)?
1373
Let x(c) = c**3 + 4*c**2 - 3535*c - 21150. Calculate x(-6).
-12
Let d(y) = -48278*y - 289637. Give d(-6).
31
Let h(a) = a**3 - 9*a**2 + 81*a - 2651. Determine h(15).
-86
Let i(x) = 28429*x + 995023. Give i(-35).
8
Let d(q) = -710*q**2 - 4272*q - 70. What is d(-6)?
2
Let l(o) = 254*o + 2514. What is l(-10)?
-26
Let g(y) = -9*y**3 + 260*y**2 - 8157*y + 237388. Determine g(29).
-6
Let n(u) = -u**2 + 2007*u - 179822. Calculate n(94).
0
Let j(c) = -117*c**2 - 1948*c - 32. Determine j(-17).
-729
Let f(i) = 151*i**2 + 152782*i - 30366. What is f(-1012)?
-6
Let u(x) = 6110*x - 831027. Calculate u(136).
-67
Let x(j) = -19539*j + 33997855. Give x(1740).
-5
Let q(h) = 12*h**3 - 7*h**2 + 49*h + 204. Determine q(-3).
-330
Let l(s) = 2*s**3 - 249*s**2 - 323*s - 1966. Determine l(126).
4964
Let y(m) = m**3 + 578*m**2 - 269295*m + 17681. What is y(-883)?
21
Let r(x) = 5*x**2 + 213*x - 3746. Calculate r(-54).
-668
Let k(p) = -909*p**2 - 158*p + 156. Determine k(1).
-911
Let t(w) = -w**3 + 9*w**2 - 547*w + 5617. Calculate t(10).
47
Let u(o) = -3052*o - 3046. Give u(-1).
6
Let w(g) = -31*g**2 + 499*g + 121. Give w(11).
1859
Let x(u) = u**2 + 294*u - 7398. Give x(24).
234
Let z(v) = -311*v - 44755. Determine z(-148).
1273
Let s(z) = 571*z - 418597. What is s(733)?
-54
Let b(p) = p**3 - 47*p**2 + 493*p - 489. Determine b(13).
174
Let a(z) = -2*z**2 + 494*z + 55274. Calculate a(331).
-334
Let l(g) = -6*g**2 - 572*g - 361. Give l(-98).
-1929
Let d(f) = f**3 - 38*f**2 - 32*f + 931. Calculate d(38).
-285
Let a(b) = b**2 - 380*b + 4051. Calculate a(11).
-8
Let i(z) = 57*z**2 - 77400*z - 154799. Calculate i(-2).
229
Let o(b) = -2*b**2 + 463*b + 5151. Calculate o(-11).
-184
Let j(p) = 2*p**2 - 5461*p + 309996. Give j(58).
-14
Let k(n) = -6*n**2 + 460*n - 1655. Give k(73).
-49
Let x(i) = 144*i - 21469. Calculate x(149).
-13
Let s(z) = z**2 - 176*z + 7583. Calculate s(98).
-61
Let d(l) = -l**2 + 220*l - 8814. Determine d(63).
1077
Let t(s) = -s**3 + 6*s**2 + 20*s - 65. What is t(3)?
22
Let b(x) = -x**2 - 149*x + 508. Determine b(-171).
-3254
Let p(y) = 579*y + 506. Determine p(-1).
-73
Let a(i) = 30*i**2 - 279*i + 379. Determine a(11).
940
Let f(c) = 3*c**3 - 51*c**2 - 8*c + 1023. What is f(14)?
-853
Let d(o) = -72049*o + 144249. What is d(2)?
151
Let h(i) = -i**3 + 38*i**2 - 336*i - 127. Determine h(19).
348
Let o(i) = -5*i**2 + 3234*i - 34315. Calculate o(636).
29
Let c(w) = -2*w**2 - 349*w - 1671. Determine c(0).
-1671
Let c(h) = -3*h**3 - 137*h**2 + 88*h + 2376. What is c(-46)?
444
Let l(j) = 672*j + 2198. Calculate l(-1).
1526
Let v(l) = -l**3 - 27*l**2 + 25*l - 1516. Determine v(-29).
-559
Let q(w) = 3*w**3 + 119*w**2 - 17*w + 5848. Calculate q(-41).
-179
Let r(y) = 5*y**3 + 313*y**2 - 3630*y + 8. Determine r(10).
8
Let p(g) = -11*g**3 + 253*g**2 - 485*g + 11170. Give p(23).
15
Let h(v) = -v**3 - 38*v**2 + 43*v - 17. Calculate h(-39).
-173
Let h(d) = -168*d**2 + 38*d + 70. Give h(-2).
-678
Let v(p) = 2*p**3 - 24*p**2 - 48*p - 155. What is v(11)?
-925
Let t(i) = 12*i**2 + 1234*i + 5038. Give t(-4).
294
Let p(b) = -58*b + 4440. Give p(76).
32
Let n(y) = y**3 + 988*y**2 - 7976*y + 30. Calculate n(8).
-34
Let x(k) = -4*k**2 + 302*k - 5169. Calculate x(26).
-21
Let y(d) = -d**3 + 117*d**2 - 2308*d + 8. Determine y(27).
3302
Let a(v) = v**2 + 6182*v - 30837. Calculate a(5).
98
Let o(f) = -f**2 + 505*f - 36964. Determine o(416).
60
Let n(f) = 26*f + 232. Determine n(50).
1532
Let m(n) = 12*n**2 - 237*n + 2594. Determine m(13).
1541
Let v(x) = 580*x - 4437. Give v(7).
-377
Let a(x) = 54*x + 11649. What is a(-218)?
-123
Let x(a) = a**3 + 15*a**2 + 253*a + 3795. Determine x(-15).
0
Let k(b) = -2*b**3 - 121*b**2 - 58*b - 80. Calculate k(-60).
-200
Let q(x) = -575*x + 34085. Calculate q(55).
2460
Let g(b) = -b**3 + 320*b**2 + 506*b - 59390. Determine g(321).
-5
Let w(j) = 17*j**2 - 5510*j + 22408. Calculate w(320).
8
Let a(d) = -8*d**2 + 77*d + 374. Calculate a(12).
146
Let j(z) = z**3 + 118*z**2 - 1948*z - 3132. Determine j(16).
4
Let c(d) = 54*d + 3384. Determine c(-43).
1062
Let x(j) = 2*j**2 - 1468*j + 15852. Give x(723).
-54
Let d(u) = 3*u**2 + 153*u + 1590. Determine d(-43).
558
Let h(t) = 9815*t - 1452557. Give h(148).
63
Let z(f) = 3*f**2 - 1008*f - 7081. Give z(-7).
122
Let c(q) = q**3 - 327*q**2 + 2864*q - 799. Calculate c(318).
-163
Let t(l) = 14036*l + 421074. Calculate t(-30).
-6
Let c(q) = -211*q**2 + 11196*q - 669. Determine c(53).
20
Let l(x) = 5138*x**2 + 6674264*x + 2600. Determine l(-1299).
2
Let l(n) = -2*n**3 - 212*n**2 + 701*n + 95561. What is l(-105)?
-94
Let k(u) = -672*u**2 + 4083*u - 18. Determine k(6).
288
Let c(h) = -9*h**2 + 43*h + 157683. Give c(-130).
-7
Let q(c) = -20713*c - 82938. What is q(-4)?
-86
Let t(a) = 25622*a - 128125. Calculate t(5).
-15
Let x(s) = -11*s**2 - 2406*s - 4762. Give x(-2).
6
Let b(y) = -2*y**3 + 164*y**2 - 156*y - 461. Determine b(81).
25
Let u(n) = -693*n - 162166. What is u(-234)?
-4
Let i(x) = 58*x**2 + 71*x - 4056. Determine i(-9).
3
Let c(b) = b**3 - 8*b**2 + 54*b - 153. Determine c(6).
99
Let u(f) = 17880*f**2 + 572129*f - 989. What is u(-32)?
3
Let n(d) = 67191*d - 67183. Calculate n(1).
8
Let i(m) = -3*m**2 + 286*m - 2460. Determine i(90).
-1020
Let y(m) = -71*m**3 - 781*m**2 - 1996*m - 22. Determine y(-4).
10
Let i(l) = 77*l**2 - 5884*l + 2443. Calculate i(76).
11
Let d(i) = 5*i**2 + 588*i + 1. Determine d(-117).
-350
Let g(v) = 29614*v - 237034. Calculate g(8).
-122
Let a(b) = 8*b**3 - 13*b**2 + 134*b - 107. Calculate a(6).
1957
Let x(d) = 6*d**2 - 2053*d - 66586. What is x(372)?
2
Let t(j) = -j**3 + 16*j**2 + 444*j + 385. What is t(-14)?
49
Let p(c) = 15*c**2 + 490*c + 2388. Determine p(-6).
-12
Let k(c) = 8*c**2 + 1307*c + 16056. Give k(-150).
6
Let o(w) = -3*w**2 + 278*w + 24117. Calculate o(-60).
-3363
Let f(a) = 57*a**2 - 6400*a + 1049. Calculate f(112).
-743
Let d(u) = -u**2 - 88*u + 1331. Determine d(-95).
666
Let q(